 when 313 is divided by 87.
52
Calculate the remainder when 1463 is divided by 112.
7
Calculate the remainder when 1378 is divided by 682.
14
What is the remainder when 5596 is divided by 16?
12
Calculate the remainder when 97 is divided by 18.
7
Calculate the remainder when 315 is divided by 40.
35
What is the remainder when 361 is divided by 13?
10
What is the remainder when 2619 is divided by 71?
63
Calculate the remainder when 232 is divided by 59.
55
Calculate the remainder when 950 is divided by 11.
4
What is the remainder when 204 is divided by 98?
8
Calculate the remainder when 5183 is divided by 16.
15
What is the remainder when 142 is divided by 10?
2
Calculate the remainder when 314 is divided by 35.
34
What is the remainder when 2210 is divided by 63?
5
Calculate the remainder when 35 is divided by 22.
13
Calculate the remainder when 177 is divided by 30.
27
What is the remainder when 292 is divided by 32?
4
What is the remainder when 115 is divided by 32?
19
What is the remainder when 17295 is divided by 353?
351
What is the remainder when 28 is divided by 24?
4
What is the remainder when 6656 is divided by 15?
11
What is the remainder when 2332 is divided by 49?
29
What is the remainder when 281 is divided by 57?
53
What is the remainder when 66 is divided by 23?
20
Calculate the remainder when 1994 is divided by 647.
53
Calculate the remainder when 52 is divided by 43.
9
Calculate the remainder when 299 is divided by 113.
73
Calculate the remainder when 815 is divided by 51.
50
Calculate the remainder when 201 is divided by 3.
0
What is the remainder when 1465 is divided by 413?
226
Calculate the remainder when 499 is divided by 72.
67
Calculate the remainder when 5701 is divided by 12.
1
Calculate the remainder when 196 is divided by 63.
7
Calculate the remainder when 56 is divided by 54.
2
Calculate the remainder when 4006 is divided by 10.
6
What is the remainder when 10 is divided by 2?
0
Calculate the remainder when 85 is divided by 38.
9
What is the remainder when 170 is divided by 12?
2
Calculate the remainder when 955 is divided by 236.
11
Calculate the remainder when 176 is divided by 14.
8
Calculate the remainder when 73 is divided by 3.
1
Calculate the remainder when 470 is divided by 45.
20
Calculate the remainder when 80289 is divided by 37.
36
Calculate the remainder when 359 is divided by 92.
83
What is the remainder when 369 is divided by 137?
95
Calculate the remainder when 136 is divided by 128.
8
What is the remainder when 443 is divided by 142?
17
What is the remainder when 89 is divided by 4?
1
What is the remainder when 301 is divided by 61?
57
Calculate the remainder when 4509 is divided by 32.
29
What is the remainder when 97 is divided by 17?
12
What is the remainder when 149 is divided by 22?
17
Calculate the remainder when 151 is divided by 12.
7
Calculate the remainder when 89 is divided by 19.
13
Calculate the remainder when 2852 is divided by 1423.
6
Calculate the remainder when 149 is divided by 19.
16
What is the remainder when 1867 is divided by 85?
82
What is the remainder when 226 is divided by 40?
26
Calculate the remainder when 1398 is divided by 44.
34
Calculate the remainder when 2352 is divided by 10.
2
Calculate the remainder when 284 is divided by 11.
9
Calculate the remainder when 429 is divided by 111.
96
What is the remainder when 1825 is divided by 61?
56
Calculate the remainder when 76 is divided by 20.
16
What is the remainder when 11934 is divided by 20?
14
Calculate the remainder when 665 is divided by 28.
21
What is the remainder when 1101 is divided by 13?
9
What is the remainder when 101 is divided by 53?
48
What is the remainder when 226 is divided by 27?
10
Calculate the remainder when 2163 is divided by 216.
3
Calculate the remainder when 163 is divided by 14.
9
What is the remainder when 2418 is divided by 97?
90
What is the remainder when 16 is divided by 9?
7
Calculate the remainder when 2671 is divided by 524.
51
What is the remainder when 143 is divided by 73?
70
Calculate the remainder when 872 is divided by 280.
32
Calculate the remainder when 68 is divided by 40.
28
Calculate the remainder when 16 is divided by 8.
0
Calculate the remainder when 545 is divided by 137.
134
Calculate the remainder when 285 is divided by 218.
67
Calculate the remainder when 116 is divided by 80.
36
What is the remainder when 2562 is divided by 57?
54
What is the remainder when 135 is divided by 29?
19
What is the remainder when 1550 is divided by 36?
2
What is the remainder when 5 is divided by 4?
1
What is the remainder when 53 is divided by 24?
5
Calculate the remainder when 1997 is divided by 16.
13
Calculate the remainder when 72 is divided by 21.
9
What is the remainder when 416 is divided by 136?
8
Calculate the remainder when 1517 is divided by 31.
29
What is the remainder when 352 is divided by 161?
30
What is the remainder when 1340 is divided by 21?
17
Calculate the remainder when 143 is divided by 12.
11
What is the remainder when 217 is divided by 215?
2
What is the remainder when 222 is divided by 14?
12
What is the remainder when 4484 is divided by 173?
159
Calculate the remainder when 297 is divided by 61.
53
Calculate the remainder when 141 is divided by 29.
25
Calculate the remainder when 112 is divided by 44.
24
Calculate the remainder when 144 is divided by 19.
11
Calculate the remainder when 61 is divided by 24.
13
Calculate the remainder when 779 is divided by 52.
51
Calculate the remainder when 587 is divided by 14.
13
Calculate the remainder when 4291 is divided by 427.
21
What is the remainder when 434 is divided by 110?
104
What is the remainder when 346 is divided by 5?
1
What is the remainder when 1180 is divided by 32?
28
Calculate the remainder when 559 is divided by 136.
15
Calculate the remainder when 202 is divided by 64.
10
Calculate the remainder when 190 is divided by 164.
26
Calculate the remainder when 299 is divided by 153.
146
Calculate the remainder when 2831 is divided by 17.
9
Calculate the remainder when 663 is divided by 167.
162
Calculate the remainder when 810 is divided by 93.
66
What is the remainder when 312 is divided by 306?
6
What is the remainder when 207 is divided by 5?
2
Calculate the remainder when 17 is divided by 7.
3
What is the remainder when 255 is divided by 4?
3
Calculate the remainder when 4339 is divided by 181.
176
Calculate the remainder when 302 is divided by 40.
22
Calculate the remainder when 318 is divided by 304.
14
Calculate the remainder when 1585 is divided by 57.
46
Calculate the remainder when 22 is divided by 5.
2
What is the remainder when 692 is divided by 98?
6
What is the remainder when 80 is divided by 61?
19
What is the remainder when 2125 is divided by 705?
10
What is the remainder when 1279 is divided by 3?
1
Calculate the remainder when 6630 is divided by 21.
15
Calculate the remainder when 755 is divided by 76.
71
What is the remainder when 39 is divided by 33?
6
Calculate the remainder when 148 is divided by 130.
18
What is the remainder when 72 is divided by 28?
16
What is the remainder when 203 is divided by 26?
21
What is the remainder when 4602 is divided by 47?
43
Calculate the remainder when 54 is divided by 11.
10
Calculate the remainder when 977 is divided by 239.
21
What is the remainder when 748 is divided by 192?
172
What is the remainder when 243 is divided by 35?
33
What is the remainder when 2048 is divided by 36?
32
What is the remainder when 37 is divided by 11?
4
What is the remainder when 6641 is divided by 13?
11
What is the remainder when 88 is divided by 17?
3
What is the remainder when 230 is divided by 74?
8
What is the remainder when 1365 is divided by 57?
54
Calculate the remainder when 3770 is divided by 1885.
0
Calculate the remainder when 96 is divided by 34.
28
What is the remainder when 679 is divided by 6?
1
Calculate the remainder when 28383 is divided by 171.
168
Calculate the remainder when 10738 is divided by 3577.
7
What is the remainder when 1250 is divided by 39?
2
Calculate the remainder when 506 is divided by 52.
38
What is the remainder when 6788 is divided by 967?
19
Calculate the remainder when 10103 is divided by 8.
7
What is the remainder when 54 is